= 52*m. Let r be o(-1). Suppose 5*f + 335 = u, -5*f - 155 - 180 = u. Let a = r - f. List the prime factors of a.
3, 5
Suppose 0 = -2*v + 5*b - 29 - 28, 4*b = 2*v + 60. Let w be 4*3/v - 1268/(-6). Suppose -664 = -3*x - w. What are the prime factors of x?
151
Suppose 0*u - 35 = -3*u + 5*b, -2 = -2*u - 2*b. Suppose -u*n + 104 = -3*c, -72 = -5*n - c + 20. List the prime factors of n.
19
Suppose 623 - 3969 = 7*h. Let n = h + 744. What are the prime factors of n?
2, 7, 19
Let x be 1*(-9)/((-27)/(-60)). Let s be 44/x - -5 - 1/(-5). What are the prime factors of s/7 + 14070/98?
2, 3
Suppose -3*c + 129486 = 4*s, -2*s - 15*c + 20*c = -64782. What are the prime factors of s?
2, 3, 19, 71
Let j(v) = -217*v - 1294. Let u be j(-6). Let y(k) = k**3 + 6*k**2 - 2. Let c be y(-5). Let s = c + u. List the prime factors of s.
31
Let o = -1161 + 633. Let d = o - -1670. List the prime factors of d.
2, 571
Let s(y) be the first derivative of 1/2*y**2 + 7 - 1/2*y**4 + 6*y - 2/3*y**3. What are the prime factors of s(-3)?
3, 13
Let v(c) = c**2 - 4*c - 76. Let w be v(12). Let o(y) = 2*y**3 - 39*y**2 + 15*y - 16. List the prime factors of o(w).
2, 3, 19
Let c(o) = 13*o**3 - 20*o**2 + 44*o - 6. Let w(u) = 11*u**3 - 21*u**2 + 45*u - 9. Let y(m) = 5*c(m) - 6*w(m). List the prime factors of y(22).
2, 5, 43
Suppose -44*c + 43*c + 7 = 0. Suppose -8 = -4*r, -4*d + c*r = 11*r - 1372. What are the prime factors of d?
11, 31
Suppose l + 44 = 6*l + t, 36 = 5*l - t. Suppose -3*q - 4*z - l = -7*q, 0 = -2*z. Suppose 3*s + s = q*o + 46, 56 = 4*s - 4*o. What are the prime factors of s?
3
List the prime factors of ((-78111)/18)/((-11)/22).
3, 11, 263
Suppose 5*q - 2479 = -3*s, s + 4*q + 815 = 2*s. Let k = 1348 - s. What are the prime factors of k?
3, 5, 7
Suppose 13 = 2*v + 9, -4*v - 96156 = -4*q. List the prime factors of q.
29, 829
Suppose 0 = 26*j - 10*j - 135977 - 136279. List the prime factors of j.
2, 3, 709
Suppose j - 3182 = 3*n, 36*n = 5*j + 34*n - 15975. What are the prime factors of j?
23, 139
Let j be 24/4*(-4)/(-6). Let v be 88/2*1*(j + -8). Let m = 256 + v. List the prime factors of m.
2, 5
Suppose -5*j = h - 7*j - 18378, -2*h - 3*j = -36798. What are the prime factors of h?
2, 3, 5, 613
Suppose -2*d + 4*d = 6. Suppose 5*m = -7 - d. What are the prime factors of (-465)/(-10) + (-1)/m?
47
Suppose -4*f + 144 = -72. Let y = f + -52. Suppose -y*p + 65 = 2*t - 91, -20 = -5*p. What are the prime factors of t?
2, 37
Suppose -315994 + 6363 - 42905 = -8*q. What are the prime factors of q?
3, 37, 397
Let d(w) = 2*w**2 + 9*w + 9. Let h be ((-10)/(-8))/((-5 - -2)/12). Let k be d(h). Let x(b) = -b**2 + 29*b - 35. What are the prime factors of x(k)?
5, 7
Let c = 3008 + -2715. List the prime factors of c.
293
Suppose m - 3*d = 3*m - 7, 4*m + 5*d - 13 = 0. Suppose -3*b + 2*o + 645 = -98, m*b - 4*o = 498. Suppose 0 = 4*h - b - 481. What are the prime factors of h?
2, 7, 13
Let s(a) = 36*a + 76. Suppose 10*m - 37 - 13 = 0. What are the prime factors of s(m)?
2
Let q(l) = 2*l + 4. Let s be q(-4). Let t(c) = -c**3 + 13*c**2 - 10*c + 12. Let r be t(12). What are the prime factors of s/(-6) - (-2316)/r?
5, 13
Let b be (4/20)/(-1)*-20. Suppose 8*d = 12*d, b*y = d + 3344. List the prime factors of y.
2, 11, 19
Let x(n) = -n**2 + 123*n - 1354. List the prime factors of x(92).
2, 7, 107
Suppose 0 = -3*t - 2*o + 8, -t = t + 3*o - 7. Suppose 0 = -13*u + 19*u - 672. Suppose -t*m + u = -3*x, 49 = m + 4*x - 9*x. List the prime factors of m.
59
Let i(r) = 22*r**2 - 75*r + 24. List the prime factors of i(22).
2, 13, 347
Suppose -33*p - 858 = 33. Let n(q) = -q**3 - 26*q**2 - 16*q - 63. What are the prime factors of n(p)?
2, 3, 61
Let y = -4891 - -10201. What are the prime factors of y?
2, 3, 5, 59
Let p(w) = w**2 - 7*w + 2. Let n be p(7). Let b be -1 - ((-9)/3 + n). Suppose b = 4*d + 6 - 54. List the prime factors of d.
2, 3
Suppose 10*b = 11*b - 5. Suppose -9*w + b*w = 0. List the prime factors of (-9)/(-3) - (2 + w + -61).
2, 31
Let s(a) be the third derivative of 0 + 0*a - 1/5*a**5 - 6*a**2 - 3/2*a**3 - 1/120*a**6 - 2/3*a**4. List the prime factors of s(-11).
2, 23
Let z = 737 - 508. Suppose 5*k + 5*b - z - 501 = 0, 4*b - 8 = 0. List the prime factors of k.
2, 3
Let c be 30/(5/((-7470)/(-27))). Suppose -c + 550 = -3*h - 4*s, 5*s = 15. List the prime factors of h.
2, 3, 61
Let b be 4/(-5)*(-3074 - -39). Suppose y - 2436 = -2*m - 2*m, -y - b = -4*m. What are the prime factors of m?
2, 19
Suppose -2*j = 3*d - 29916, 93*d = -3*j + 98*d + 44798. List the prime factors of j.
2, 3, 47, 53
Suppose 49*a + 366844 = 173*a - 91956. What are the prime factors of a?
2, 5, 37
Suppose 4*u - 2566 = -3*r, 0 = -14*r + 13*r + 3*u + 877. What are the prime factors of r?
2, 431
Suppose 3*y - 16 = 2. Suppose 2*i = -y*i + 928. Let q = i + -22. What are the prime factors of q?
2, 47
Suppose -3*a - 42 = -o - 248, 2*a + 2*o = 140. Suppose 0 = -3*n + 9 + a. Let r(d) = -d**2 + 33*d - 1. List the prime factors of r(n).
181
Suppose 0 = 3*i - 24 + 678. Let g = -249 + 95. Let a = g - i. What are the prime factors of a?
2
Let y(p) = p**3 + 20*p**2 + 20*p + 23. Let d be y(-19). Let m(c) = 1 - 3*c - 2 + 0*c + d*c. What are the prime factors of m(16)?
3, 5
Suppose y - 4*m - 27 + 5 = 0, 3*y + 2*m = 10. Suppose -y*p = 2*p - 10384. What are the prime factors of p?
2, 11, 59
Let h(i) = -604*i + 24. Let a(f) = -14*f + 237. Let v be a(17). List the prime factors of h(v).
2, 157
Suppose -42*b + 16 = -38*b. Let n(t) = 47*t**2 + 11*t - 10. What are the prime factors of n(b)?
2, 3, 131
Let p(d) = -d**2 + 6*d + 4. Let g be p(6). Suppose 490 = g*t - 242. List the prime factors of t.
3, 61
Suppose -5*n + 136 - 126 = 0, -97470 = -4*l + 3*n. What are the prime factors of l?
3, 8123
Let h(k) = 27*k**2 + 307*k**3 + 2 - 28*k**2 + 3*k + 209*k**3 - 4. List the prime factors of h(1).
2, 3, 43
Let g be (-2)/(-22) - (-333)/(-33). Let y be (-10)/4*(-8)/g. What are the prime factors of y - 327/(-8) - 6/(-48)?
3, 13
Let i(j) = j**2 + 4*j + 309. Let z be i(0). Suppose -u = -z + 110. What are the prime factors of u?
199
Let s(l) = -l**3 + 27*l**2 + 5*l + 13. Let x be s(27). What are the prime factors of ((-111)/x)/(2/(-3192))?
3, 7, 19
Suppose -10*g - 5*g = -22*g + 3787. What are the prime factors of g?
541
Suppose 0 = -2*x + 2, -4 = -p - 4*x - 0. Suppose -c = 3*f - 8, -2*f + 22 = 4*c - p*c. Suppose -5*o = c*i - 266 + 106, i = 2*o - 70. List the prime factors of o.
2, 17
Let m(z) = 318*z**2 + 18*z + 24. What are the prime factors of m(-8)?
2, 3, 281
Let n = -494 - -644. Suppose 27*w + n = u + 29*w, 5*w = 3*u - 483. List the prime factors of u.
2, 3, 13
Let a(b) = 11*b + 19. Let o(j) = -43*j - 74. Let q(z) = -26*a(z) - 6*o(z). What are the prime factors of q(-14)?
2, 3, 19
Let s(n) = -17*n**3 + 12*n**2 + 12*n - 3. List the prime factors of s(-4).
1229
Suppose -4*y + 17191 = 2*y + 4177. What are the prime factors of y?
3, 241
Let g(b) = -b - 12. Let w be g(-2). List the prime factors of 21/35 + (-2834)/w.
2, 71
Let h(a) = -2*a**3 - 18*a**2 + a + 8. Let c = 22 - 32. List the prime factors of h(c).
2, 3, 11
Suppose 2*t - 153 = -145. Suppose 4*r = -4*p - p + 4425, -t*p - 3*r + 3541 = 0. List the prime factors of p.
7, 127
Suppose -2*t + 15*t - 13881 = -8*t. What are the prime factors of t?
661
Let i(q) = -2*q + 16. Let o be i(7). Suppose 4 + 4 = o*a. Suppose 0*s = a*w + 4*s - 120, 0 = 2*w + 5*s - 45. What are the prime factors of w?
5, 7
Suppose -4*u + 2*a = -18, 0*u + 2*a = 3*u - 13. Suppose 7*p - 1010 = 6*p + 3*b, -p + 1034 = u*b. What are the prime factors of p?
1019
Suppose 391*h - 396*h = 5*o - 66470, -4*o = -2*h + 26594. What are the prime factors of h?
5, 2659
Let c = 136132 - 95162. List the prime factors of c.
2, 5, 17, 241
Suppose 5*d = -3*v + 40, 5 = 5*v - 20. Let o = d - 29. Let p = 74 + o. What are the prime factors of p?
2, 5
Let m(h) = 77*h + 2. Suppose -254 - 286 = -36*v. What are the prime factors of m(v)?
13, 89
List the prime factors of -1 - (-4525 + 2*12/8 + -1).
2, 7, 17, 19
Suppose -2*l + 5 - 9 = 0. Let d be ((-1)/3)/(l/12). Suppose -t = -0*u - d*u + 220, -3*u + t = -329. List the prime factors of u.
109
Let g(y) = y**3 + 7*y**2 - 8*y**2 + 13 + 4*y + 4*y**2 - y**2. What are the prime factors of g(6)?
5, 13
List the prime factors of ((-17508)/(-30